{"id":47902,"date":"2023-12-20T05:31:16","date_gmt":"2023-12-20T04:31:16","guid":{"rendered":"https:\/\/dev.ibaigo.pe\/?page_id=47902"},"modified":"2023-12-20T05:32:01","modified_gmt":"2023-12-20T04:32:01","slug":"politica-de-cookies","status":"publish","type":"page","link":"https:\/\/ibaigo.pe\/tienda\/politica-de-cookies\/","title":{"rendered":"Pol\u00edtica de Cookies"},"content":{"rendered":"\t\t<div data-elementor-type=\"wp-page\" data-elementor-id=\"47902\" class=\"elementor elementor-47902\" data-elementor-post-type=\"page\">\n\t\t\t\t<div class=\"elementor-element elementor-element-bffb286 e-flex e-con-boxed e-con e-parent\" data-id=\"bffb286\" data-element_type=\"container\" data-e-type=\"container\">\n\t\t\t\t\t<div class=\"e-con-inner\">\n\t\t\t\t<div class=\"elementor-element elementor-element-d3c2069 elementor-widget elementor-widget-heading\" data-id=\"d3c2069\" data-element_type=\"widget\" data-e-type=\"widget\" data-widget_type=\"heading.default\">\n\t\t\t\t<div class=\"elementor-widget-container\">\n\t\t\t\t\t<h1 class=\"elementor-heading-title elementor-size-default\">Pol\u00edtica de Cookies<\/h1>\t\t\t\t<\/div>\n\t\t\t\t<\/div>\n\t\t\t\t<div class=\"elementor-element elementor-element-5fed9a6 elementor-widget elementor-widget-text-editor\" data-id=\"5fed9a6\" data-element_type=\"widget\" data-e-type=\"widget\" data-widget_type=\"text-editor.default\">\n\t\t\t\t<div class=\"elementor-widget-container\">\n\t\t\t\t\t\t\t\t\t<div class=\"wpb_text_column wpb_content_element \"><div class=\"wpb_wrapper\"><div class=\"vc_row wpb_row vc_row-fluid vc_custom_1630228628422\"><div class=\"wpb_column vc_column_container vc_col-sm-8\"><div class=\"vc_column-inner\"><div class=\"wpb_wrapper\"><div class=\"wpb_text_column wpb_content_element \"><div class=\"wpb_wrapper\"><p>Bienvenido a\u00a0<a href=\"https:\/\/ibaigo.pe\/\">https:\/\/ibaigo.pe\/<\/a><\/p><p>A trav\u00e9s del presente documento,\u00a0<strong>IBAI GORRIA S.A.C.<\/strong>\u00a0(en adelante, \u201c<strong>I-BAIGO<\/strong>\u201d) con RUC N\u00ba 20607446599, domiciliada en Calle Grimaldo del Solar N\u00ba 615, distrito de Miraflores, provincia y departamento de Lima, en cumplimiento con lo estipulado en la Ley N\u00ba 29733, Ley de Protecci\u00f3n de Datos Personales y su Reglamento, aprobado mediante Decreto Supremo N\u00ba 003-2013-JUS, le informa a los Usuarios que I-BAIGO utiliza cookies en su Sitio Web.<\/p><p>El objetivo de esta pol\u00edtica es informar a los titulares de datos personales que ingresen al Sitio Web acerca de las cookies que emplea de conformidad con lo establecido en la en la Ley N\u00ba 29733, Ley de Protecci\u00f3n de Datos Personales y su Reglamento, aprobado mediante Decreto Supremo N\u00ba 003-2013-JUS.<\/p><\/div><\/div><div class=\"wpb_text_column wpb_content_element \"><div class=\"wpb_wrapper\"><p>I-BAIGO informa a \u201cEL USUARIO\u201d del presente Sitio Web que se va a proceder a la recopilaci\u00f3n y almacenamiento de los datos personales en los siguientes Bancos de Datos Personales:<\/p><table><tbody><tr><th><strong>Bancos de Datos Personales<\/strong><\/th><th><strong>C\u00f3digo de Registro<\/strong><\/th><\/tr><tr><td>Posibles Clientes<\/td><td>En tr\u00e1mite<\/td><\/tr><tr><td>Clientes<\/td><td>En tr\u00e1mite<\/td><\/tr><tr><td>Libro de Reclamaciones<\/td><td>En tr\u00e1mite<\/td><\/tr><\/tbody><\/table><\/div><\/div><div class=\"vc_empty_space\">\u00a0<\/div><div class=\"wpb_text_column wpb_content_element \"><div class=\"wpb_wrapper\"><h4>1. \u00bfQu\u00e9 son las Cookies?<\/h4><p>La P\u00e1gina Web https:\/\/ibaigo.pe\/ es de titularidad de IBAI GORRIA S.A.C.<\/p><p>Las cookies son archivos que se descargan en su ordenador al acceder a determinadas p\u00e1ginas web.<\/p><p>Estas permiten a una p\u00e1gina web, entre otras cosas, almacenar y recuperar informaci\u00f3n sobre los h\u00e1bitos de navegaci\u00f3n de un Usuario o de su equipo y, dependiendo de la informaci\u00f3n que contengan y de la forma en que utilice su equipo.<\/p><p>En otras palabras, son c\u00f3digos enviados por un sitio web y almacenado en el navegador del Usuario de manera que el portal pueda consultar la actividad previa del Usuario.<\/p><p>\u00bfPor qu\u00e9 se llaman cookies? Se llaman as\u00ed por el cuento de Hansel y Gretel en donde estos personajes dejan un rastro de migajas para poder regresar a su casa.<\/p><p>El t\u00e9rmino \u201cCookie\u201d, en ese sentido, responde a la analog\u00eda del rastro que dejaban Hansel y Gretel en el cuento, pues el rastro que dejamos con las visitas a los sitios de Internet se depositan en nuestro ordenador con el nombre de cookies.<\/p><p>Adem\u00e1s, las Cookies mejoran su proceso de navegaci\u00f3n, ya que permiten que la p\u00e1gina web ofrezca al Usuario informaci\u00f3n que puede ser de su inter\u00e9s en funci\u00f3n del uso que realice o del contenido de la misma.<\/p><p>En caso de no querer recibir cookies, por favor, configure su navegador de internet, para que las borre del disco duro de su ordenador, las bloquee o le avise en su caso de instalaci\u00f3n de las mismas.<\/p><p>Para continuar sin cambios en la configuraci\u00f3n de las cookies, simplemente, contin\u00fae en la p\u00e1gina web.<\/p><\/div><\/div><div class=\"wpb_text_column wpb_content_element \"><div class=\"wpb_wrapper\"><h4>2. Uso de las Cookies<\/h4><p>Existen distintos tipos de Cookies. A continuaci\u00f3n, procederemos a describir qu\u00e9 tipo de Cookies existen en el mercado para proceder a explicar luego cu\u00e1les utiliza nuestro Sitio Web.<\/p><p><strong>Seg\u00fan qui\u00e9n las gestione:<\/strong><\/p><ul><li><strong>Cookies Propias<\/strong>: Son aquellas que se env\u00edan a su equipo o dispositivo desde la p\u00e1gina web gestionada por I-BAIGO y desde la que se le presta el servicio. En otras palabras, las Cookies Propias son aquellas que son puestas por la misma p\u00e1gina que uno visita.<\/li><li><strong>Cookies de Terceros<\/strong>: Son aquellas que se env\u00edan a su equipo o dispositivo desde un equipo o dominio que no es gestionado por I-BAIGO.Este sitio web puede utilizar servicios de terceros que, por cuenta de I-BAIGO recopilar\u00e1n informaci\u00f3n con fines estad\u00edsticos, de uso del Site por parte del usuario y para la prestaci\u00f3n de otros servicios relacionados con la actividad del Website y otros servicios de Internet.<\/li><\/ul><h4><strong>Seg\u00fan el plazo de tiempo que permanezcan activadas:<\/strong><\/h4><ul><li><strong>Cookies de Sesi\u00f3n<\/strong>: Son aquellas dise\u00f1adas para recabar y almacenar informaci\u00f3n \u00fanicamente durante la duraci\u00f3n de su visita a la P\u00e1gina Web, y desaparecen al terminar la sesi\u00f3n. Se emplean normalmente para almacenar informaci\u00f3n que solo interesa conservar durante la sesi\u00f3n para garantizar funcionalidades b\u00e1sicas del Sitio Web de I-BAIGO durante su visita a la misma.<\/li><li><strong>Cookies Persistentes<\/strong>: Son aquellas que almacenan la informaci\u00f3n por un per\u00edodo de tiempo m\u00e1s largo, que puede ser accedida y tratada por el responsable de la cookie durante dicho per\u00edodo. Este per\u00edodo var\u00eda seg\u00fan cada cookie, y puede ir de unos minutos a varios a\u00f1os.<\/li><\/ul><h4><strong>Seg\u00fan su finalidad:<\/strong><\/h4><ul><li><strong>Cookies T\u00e9cnicas o Necesarias<\/strong>: Son aquellas que permiten al usuario la navegaci\u00f3n a trav\u00e9s de una p\u00e1gina web, plataforma o aplicaci\u00f3n y la utilizaci\u00f3n de las diferentes opciones o servicios que en ella existan. Por ejemplo, controlar el tr\u00e1fico y la comunicaci\u00f3n de datos, identificar la sesi\u00f3n, acceder a partes de acceso restringido, recordar los elementos que integran un pedido, realizar el proceso de compra de un pedido, realizar la solicitud de inscripci\u00f3n o participaci\u00f3n en un evento, utilizar elementos de seguridad durante la navegaci\u00f3n, almacenar contenidos para la difusi\u00f3n de videos o sonido o compartir contenidos a trav\u00e9s de redes sociales.<\/li><li><strong>Cookies de Personalizaci\u00f3n<\/strong>: Son aquellas que permiten recordar informaci\u00f3n para que el usuario pueda acceder al Sitio Web con algunas caracter\u00edsticas que pueden diferenciar su experiencia de las de otros usuarios, por ejemplo, el aspecto o contenido del Sitio Web.<\/li><li><strong>Cookies de An\u00e1lisis<\/strong>: Son aqu\u00e9llas que bien tratadas por nosotros o por terceros, permiten el seguimiento y an\u00e1lisis de su comportamiento en el Sitio Web. Esta informaci\u00f3n permite medir y analizar estad\u00edsticamente el uso del Sitio Web, as\u00ed como elaborar perfiles de navegaci\u00f3n de los usuarios, con el objetivo de introducir mejoras necesarias para la oferta de productos o servicios que le ofrecemos.La informaci\u00f3n recogida mediante este tipo de cookies se utiliza en la medici\u00f3n de la actividad de los sitios web, aplicaci\u00f3n o plataforma y para la elaboraci\u00f3n de perfiles de navegaci\u00f3n de los usuarios de dichos sitios, aplicaciones y plataformas, con el fin de introducir mejoras en funci\u00f3n del an\u00e1lisis de los datos de uso que hacen los usuarios del servicio.<\/li><li><strong>Cookies Publicitarias<\/strong>: Son aquellas que, bien tratadas por nosotros o por terceros, permiten la gesti\u00f3n, de la forma m\u00e1s eficaz posible, de los espacios publicitarios que, en su caso, se hayan incluido en el Sitio Web.<\/li><li><strong>Cookies de Publicidad Comportamental<\/strong>: Son aquellas que permiten la gesti\u00f3n, de la forma m\u00e1s eficaz posible, de los espacios publicitarios que se hayan podido incluir en el Sitio Web, a trav\u00e9s del almacenamiento de informaci\u00f3n de su comportamiento obtenida a trav\u00e9s de la observaci\u00f3n continuada de sus h\u00e1bitos de navegaci\u00f3n, lo que permite desarrollar un perfil espec\u00edfico para mostrar publicidad en funci\u00f3n del mismo.<\/li><\/ul><\/div><\/div><div class=\"wpb_text_column wpb_content_element \"><div class=\"wpb_wrapper\"><h4>3. Cookies empleadas por I-BAIGO<\/h4><p>A continuaci\u00f3n, mostramos un resumen de las cookies propias y de terceros que utilizamos en nuestro contenido en l\u00ednea de I-BAIGO.<\/p><\/div><\/div><div class=\"vc_empty_space\">\u00a0<\/div><div class=\"wpb_text_column wpb_content_element \"><div class=\"wpb_wrapper\"><p>[TABLA DE COOKIES EMPLEADAS]<\/p><\/div><\/div><div class=\"wpb_text_column wpb_content_element \"><div class=\"wpb_wrapper\"><h4>4. Consentimiento<\/h4><p>El Usuario acepta expresamente, por la utilizaci\u00f3n de este Sitio Web, el tratamiento de la informaci\u00f3n recabada en la forma y con los fines anteriormente mencionados.<\/p><p>Asimismo, reconoce conocer la posibilidad de rechazar el tratamiento de tales datos o informaci\u00f3n rechazando el uso de Cookies mediante la selecci\u00f3n de la configuraci\u00f3n apropiada a tal fin en su navegador.<\/p><p>Si bien esta opci\u00f3n de bloqueo de Cookies en su navegador puede no permitirle el uso pleno de todas las funcionalidades del Website.<\/p><\/div><\/div><div class=\"wpb_text_column wpb_content_element \"><div class=\"wpb_wrapper\"><h4>5. Gesti\u00f3n de Cookies<\/h4><p>En caso el Usuario decida no autorizar su uso, I-BAIGO no almacenar\u00eda ninguna cookie y tan s\u00f3lo se usar\u00edan las Cookies t\u00e9cnicas dado que sin ellas no es posible navegar por la web. En caso de seguir navegando por la web y no denegar la autorizaci\u00f3n, dicha actividad implicar\u00e1 la aceptaci\u00f3n de su uso, como se ha indicado anteriormente.<\/p><p>El Usuario puede restringir, bloquear o borrar las Cookies de I-BAIGO o de cualquier otra p\u00e1gina web, utilizando su navegador.<\/p><p>En cada navegador la operativa es diferente:<\/p><\/div><\/div><div class=\"vc_empty_space\">\u00a0<\/div><div class=\"wpb_text_column wpb_content_element \"><div class=\"wpb_wrapper\"><p><strong>En Google Chrome:<\/strong><br \/>Paso 1: Clicamos en el icono de men\u00fa.<br \/>Paso 2: Seleccionar \u00abconfiguraci\u00f3n\u00bb.<br \/>Paso 3: Seleccionar \u00abconfiguraci\u00f3n avanzada\u00bb.<br \/>Paso 4: Seleccionar \u00abprivacidad\u00bb.<br \/>Paso 5: Seleccionar \u00abconfiguraci\u00f3n de contenido\u00bb.<br \/>Paso 6: Seleccionar la funci\u00f3n que desee:<\/p><ul><li>Permitir que se almacenen datos locales.<\/li><li>Conservar datos locales solo hasta que salgas del navegador.<\/li><li>No permitir que se guarden datos de los sitios.<\/li><li>Bloquear los datos de sitios y las cookies de terceros.<\/li><\/ul><p>Paso 7: Una vez seleccionado la opci\u00f3n deseada, clicar en \u00ablisto\u00bb.<\/p><p><strong>En Internet Explorer:<\/strong><br \/>Paso 1: Clicamos en icono de \u00abinicio\u00bb.<br \/>Paso 2: Seleccionar \u00abopciones de internet\u00bb en el men\u00fa \u00abherramientas\u00bb.<br \/>Paso 3: Seleccionar \u00abprivacidad\u00bb.<br \/>Paso 4: Seleccionar \u00abconfiguraci\u00f3n\u00bb.<br \/>Paso 5: Seleccionar la opci\u00f3n que desee y clicar en \u00abaceptar\u00bb.<\/p><p><strong>En Microsoft Edge (10):<\/strong><br \/>Paso 1: Clicamos en el icono \u00abm\u00e1s\u00bb.<br \/>Paso 2: Seleccionar \u00abconfiguraci\u00f3n\u00bb.<br \/>Paso 3: Seleccionar \u00abconfiguraci\u00f3n avanzada\u00bb.<br \/>Paso 4: Seleccionar \u00abcookies\u00bb dentro de \u00abPrivacidad y servicios\u00bb.<br \/>Paso 5: Seleccionar la opci\u00f3n que desee en el men\u00fa desplegable.<\/p><p><strong>En Firefox:<\/strong><br \/>Paso 1: Clicamos en el icono \u00abmen\u00fa\u00bb.<br \/>Paso 2: Seleccionar \u00abopciones\u00bb.<br \/>Paso 3: Seleccionar \u00abprivacidad\u00bb.<br \/>Paso 4: Seleccionar la opci\u00f3n que desee en el men\u00fa desplegable.<\/p><p><strong>En Safari:<\/strong><br \/>Paso 1: Clicamos en \u00absafari\u00bb.<br \/>Paso 2: Seleccionar \u00abpreferencias\u00bb.<br \/>Paso 3: Seleccionar \u00abprivacidad\u00bb.<br \/>Paso 4: Seleccionar \u00abcookies y datos de sitios web\u00bb.<br \/>Paso 5: Seleccionar la opci\u00f3n que desee entre las disponibles.<\/p><\/div><\/div><div class=\"vc_empty_space\">\u00a0<\/div><div class=\"wpb_text_column wpb_content_element \"><div class=\"wpb_wrapper\"><p>En caso de realizar modificaciones en la configuraci\u00f3n de las Cookies, I-BAIGO informa que no asegura el correcto funcionamiento de las distintas funcionalidades de la web.<\/p><p>Si el Usuario utiliza otro navegador, puede obtener m\u00e1s informaci\u00f3n sobre c\u00f3mo configurar la instalaci\u00f3n de las Cookies a trav\u00e9s de la secci\u00f3n de ayuda o asistencia de dicho navegador. En caso de que el Usuario necesite ayuda para llevar a cabo la configuraci\u00f3n de las Cookies con su navegador, podr\u00e1 ponerse en contacto con I-BAIGO a trav\u00e9s del correo electr\u00f3nico\u00a0<a href=\"mailto:datospersonales@i-baigorria.com\" target=\"_blank\" rel=\"noopener\">datospersonales@i-baigorria.com<\/a><\/p><\/div><\/div><div class=\"wpb_text_column wpb_content_element \"><div class=\"wpb_wrapper\"><h4>6. Modificaciones<\/h4><p>La presente pol\u00edtica de cookies puede verse modificada en funci\u00f3n de las exigencias legales establecidas o con la finalidad de adaptar dicha pol\u00edtica a las instrucciones dictadas por la Direcci\u00f3n General de Protecci\u00f3n de Datos. Por esta raz\u00f3n, aconsejamos a los Usuarios visitar peri\u00f3dicamente nuestra pol\u00edtica de cookies.<\/p><p>Cuando se produzcan cambios significativos en esta pol\u00edtica, en la medida de nuestras posibilidades, comunicaremos a los Usuarios estos cambios mediante un aviso en nuestra p\u00e1gina web.<\/p><\/div><\/div><div class=\"wpb_text_column wpb_content_element \"><div class=\"wpb_wrapper\"><h4>7. M\u00e1s informaci\u00f3n<\/h4><p>Para obtener m\u00e1s informaci\u00f3n sobre estos tratamientos y tus derechos como titular de datos personales, puedes visitar las\u00a0<a href=\"https:\/\/ibaigo.pe\/politica-privacidad\/\">Pol\u00edticas de Privacidad<\/a>\u00a0de I-BAIGO.<\/p><\/div><\/div><div class=\"wpb_text_column wpb_content_element \"><div class=\"wpb_wrapper\"><p>Fecha de Actualizaci\u00f3n: 11.08.2021<\/p><\/div><\/div><\/div><\/div><\/div><\/div><\/div><\/div>\t\t\t\t\t\t\t\t<\/div>\n\t\t\t\t<\/div>\n\t\t\t\t\t<\/div>\n\t\t\t\t<\/div>\n\t\t\t\t<\/div>\n\t\t","protected":false},"excerpt":{"rendered":"<p>Pol\u00edtica de Cookies Bienvenido a\u00a0https:\/\/ibaigo.pe\/ A trav\u00e9s del presente documento,\u00a0IBAI GORRIA S.A.C.\u00a0(en adelante, \u201cI-BAIGO\u201d) con RUC N\u00ba 20607446599, domiciliada en Calle Grimaldo del Solar N\u00ba 615, distrito de Miraflores, provincia y departamento de Lima, en cumplimiento con lo estipulado en la Ley N\u00ba 29733, Ley de Protecci\u00f3n de Datos Personales y su Reglamento, aprobado mediante [&hellip;]<\/p>\n","protected":false},"author":1,"featured_media":0,"parent":0,"menu_order":0,"comment_status":"closed","ping_status":"closed","template":"elementor_header_footer","meta":{"_acf_changed":false,"footnotes":""},"class_list":["post-47902","page","type-page","status-publish","hentry"],"acf":[],"_links":{"self":[{"href":"https:\/\/ibaigo.pe\/tienda\/wp-json\/wp\/v2\/pages\/47902","targetHints":{"allow":["GET"]}}],"collection":[{"href":"https:\/\/ibaigo.pe\/tienda\/wp-json\/wp\/v2\/pages"}],"about":[{"href":"https:\/\/ibaigo.pe\/tienda\/wp-json\/wp\/v2\/types\/page"}],"author":[{"embeddable":true,"href":"https:\/\/ibaigo.pe\/tienda\/wp-json\/wp\/v2\/users\/1"}],"replies":[{"embeddable":true,"href":"https:\/\/ibaigo.pe\/tienda\/wp-json\/wp\/v2\/comments?post=47902"}],"version-history":[{"count":3,"href":"https:\/\/ibaigo.pe\/tienda\/wp-json\/wp\/v2\/pages\/47902\/revisions"}],"predecessor-version":[{"id":47905,"href":"https:\/\/ibaigo.pe\/tienda\/wp-json\/wp\/v2\/pages\/47902\/revisions\/47905"}],"wp:attachment":[{"href":"https:\/\/ibaigo.pe\/tienda\/wp-json\/wp\/v2\/media?parent=47902"}],"curies":[{"name":"wp","href":"https:\/\/api.w.org\/{rel}","templated":true}]}}