{"id":46646,"date":"2023-09-28T03:50:03","date_gmt":"2023-09-28T01:50:03","guid":{"rendered":"https:\/\/ibaigo.pe\/nuevo\/?post_type=product&#038;p=46646"},"modified":"2025-12-19T20:05:39","modified_gmt":"2025-12-19T19:05:39","slug":"ochoa-8a-moscato-de-ochoa","status":"publish","type":"product","link":"https:\/\/ibaigo.pe\/tienda\/producto\/ochoa-8a-moscato-de-ochoa\/","title":{"rendered":"Ochoa 8A Moscato de Ochoa"},"content":{"rendered":"<p>Brillante color amarillo dorado p\u00e1lido. Burbuja fina procedente de la fermentaci\u00f3n.<\/p>\n","protected":false},"excerpt":{"rendered":"<p>Vino espumoso y semidulce de color amarillo p\u00e1lido y burbuja fina procedente de la fermentaci\u00f3n. Naci\u00f3 en la mente de\u00a0<strong>Adriana Ochoa<\/strong>, en\u00f3loga de la casa, en un viaje a Italia en el que descubri\u00f3 la maravilla del\u00a0<strong>Moscato d&#8217;Asti<\/strong>, un espumoso por lo general de<strong>\u00a0baja graduaci\u00f3n alcoh\u00f3lica\u00a0<\/strong>muy acorde a las tendencias del mercado. Sin duda,\u00a0<strong>un blanco para iniciarse en el mundo de las burbujas<\/strong>\u00a0e ideal para todo tipo de p\u00fablicos especialmente en fechas estivales. Destaca adem\u00e1s por su\u00a0<strong>cierre reutilizable<\/strong>\u00a0que mantiene la burbuja en perfecto estado hasta cinco d\u00edas despu\u00e9s de su apertura.<\/p>\n","protected":false},"featured_media":46676,"template":"","meta":{"_acf_changed":false},"product_brand":[],"product_cat":[163,162],"product_tag":[],"class_list":{"0":"post-46646","1":"product","2":"type-product","3":"status-publish","4":"has-post-thumbnail","6":"product_cat-champagne-espumantes-y-cavas","7":"product_cat-vinos","9":"first","10":"instock","11":"taxable","12":"shipping-taxable","13":"purchasable","14":"product-type-simple"},"acf":[],"_links":{"self":[{"href":"https:\/\/ibaigo.pe\/tienda\/wp-json\/wp\/v2\/product\/46646","targetHints":{"allow":["GET"]}}],"collection":[{"href":"https:\/\/ibaigo.pe\/tienda\/wp-json\/wp\/v2\/product"}],"about":[{"href":"https:\/\/ibaigo.pe\/tienda\/wp-json\/wp\/v2\/types\/product"}],"wp:featuredmedia":[{"embeddable":true,"href":"https:\/\/ibaigo.pe\/tienda\/wp-json\/wp\/v2\/media\/46676"}],"wp:attachment":[{"href":"https:\/\/ibaigo.pe\/tienda\/wp-json\/wp\/v2\/media?parent=46646"}],"wp:term":[{"taxonomy":"product_brand","embeddable":true,"href":"https:\/\/ibaigo.pe\/tienda\/wp-json\/wp\/v2\/product_brand?post=46646"},{"taxonomy":"product_cat","embeddable":true,"href":"https:\/\/ibaigo.pe\/tienda\/wp-json\/wp\/v2\/product_cat?post=46646"},{"taxonomy":"product_tag","embeddable":true,"href":"https:\/\/ibaigo.pe\/tienda\/wp-json\/wp\/v2\/product_tag?post=46646"}],"curies":[{"name":"wp","href":"https:\/\/api.w.org\/{rel}","templated":true}]}}