{"id":46702,"date":"2023-09-28T03:50:22","date_gmt":"2023-09-28T01:50:22","guid":{"rendered":"https:\/\/ibaigo.pe\/nuevo\/?post_type=product&#038;p=46702"},"modified":"2025-05-19T22:46:58","modified_gmt":"2025-05-19T20:46:58","slug":"brotons-seleccion-tinto-2020","status":"publish","type":"product","link":"https:\/\/ibaigo.pe\/tienda\/producto\/brotons-seleccion-tinto-2020\/","title":{"rendered":"Brotons Selecci\u00f3n Tinto 2020"},"content":{"rendered":"<p>La bodega <strong>Brotons<\/strong> trata de transmitir en este tinto la esencia de su &#8216;<strong>terroir&#8217;\u00a0<\/strong>a trav\u00e9s de su colecci\u00f3n de vinos. En dicha colecci\u00f3n queda clasificado este monovarietal de <strong>Tempranillo\u00a0<\/strong>que\u00a0nos muestra<strong>\u00a0fruta roja y negra\u00a0<\/strong>sobre un fondo de flores azules, mientras que en boca es\u00a0<strong>amplio y de taninos sedosos.<\/strong><\/p>\n","protected":false},"excerpt":{"rendered":"<p>La bodega <strong>Brotons<\/strong> trata de transmitir en este tinto la esencia de su &#8216;<strong>terroir&#8217;\u00a0<\/strong>a trav\u00e9s de su colecci\u00f3n de vinos. En dicha colecci\u00f3n queda clasificado este monovarietal de <strong>Tempranillo\u00a0<\/strong>que\u00a0nos muestra<strong>\u00a0fruta roja y negra\u00a0<\/strong>sobre un fondo de flores azules, mientras que en boca es\u00a0<strong>amplio y de taninos sedosos.<\/strong><\/p>\n","protected":false},"featured_media":6022201,"template":"","meta":{"_acf_changed":false},"product_brand":[],"product_cat":[164,162],"product_tag":[],"class_list":{"0":"post-46702","1":"product","2":"type-product","3":"status-publish","4":"has-post-thumbnail","6":"product_cat-vino-tinto","7":"product_cat-vinos","9":"first","10":"instock","11":"sale","12":"taxable","13":"shipping-taxable","14":"purchasable","15":"product-type-simple"},"acf":[],"_links":{"self":[{"href":"https:\/\/ibaigo.pe\/tienda\/wp-json\/wp\/v2\/product\/46702","targetHints":{"allow":["GET"]}}],"collection":[{"href":"https:\/\/ibaigo.pe\/tienda\/wp-json\/wp\/v2\/product"}],"about":[{"href":"https:\/\/ibaigo.pe\/tienda\/wp-json\/wp\/v2\/types\/product"}],"wp:featuredmedia":[{"embeddable":true,"href":"https:\/\/ibaigo.pe\/tienda\/wp-json\/wp\/v2\/media\/6022201"}],"wp:attachment":[{"href":"https:\/\/ibaigo.pe\/tienda\/wp-json\/wp\/v2\/media?parent=46702"}],"wp:term":[{"taxonomy":"product_brand","embeddable":true,"href":"https:\/\/ibaigo.pe\/tienda\/wp-json\/wp\/v2\/product_brand?post=46702"},{"taxonomy":"product_cat","embeddable":true,"href":"https:\/\/ibaigo.pe\/tienda\/wp-json\/wp\/v2\/product_cat?post=46702"},{"taxonomy":"product_tag","embeddable":true,"href":"https:\/\/ibaigo.pe\/tienda\/wp-json\/wp\/v2\/product_tag?post=46702"}],"curies":[{"name":"wp","href":"https:\/\/api.w.org\/{rel}","templated":true}]}}