{"id":46848,"date":"2023-09-28T03:51:47","date_gmt":"2023-09-28T01:51:47","guid":{"rendered":"https:\/\/ibaigo.pe\/nuevo\/?post_type=product&#038;p=46848"},"modified":"2025-06-05T02:05:11","modified_gmt":"2025-06-05T00:05:11","slug":"domaine-reynaud-duche-duzes-cuvee-rubis-2020","status":"publish","type":"product","link":"https:\/\/ibaigo.pe\/tienda\/producto\/domaine-reynaud-duche-duzes-cuvee-rubis-2020\/","title":{"rendered":"Domaine Reynaud Duche D&#8217;uzes Cuv\u00e9e Rubis 2020"},"content":{"rendered":"","protected":false},"excerpt":{"rendered":"<p class=\"p1\">Acentos de frutos rojos, que recuerdan a las mermeladas de las abuelas. Muy amplio y c\u00e1lido en boca, este cuv\u00e9e logra, sin embargo, la proeza de permanecer vivo y fresco a pesar de una a\u00f1ada muy caliente.<\/p>\n","protected":false},"featured_media":46892,"template":"","meta":{"_acf_changed":false},"product_brand":[],"product_cat":[164,162],"product_tag":[],"class_list":{"0":"post-46848","1":"product","2":"type-product","3":"status-publish","4":"has-post-thumbnail","6":"product_cat-vino-tinto","7":"product_cat-vinos","9":"first","10":"outofstock","11":"taxable","12":"shipping-taxable","13":"purchasable","14":"product-type-simple"},"acf":[],"_links":{"self":[{"href":"https:\/\/ibaigo.pe\/tienda\/wp-json\/wp\/v2\/product\/46848","targetHints":{"allow":["GET"]}}],"collection":[{"href":"https:\/\/ibaigo.pe\/tienda\/wp-json\/wp\/v2\/product"}],"about":[{"href":"https:\/\/ibaigo.pe\/tienda\/wp-json\/wp\/v2\/types\/product"}],"wp:featuredmedia":[{"embeddable":true,"href":"https:\/\/ibaigo.pe\/tienda\/wp-json\/wp\/v2\/media\/46892"}],"wp:attachment":[{"href":"https:\/\/ibaigo.pe\/tienda\/wp-json\/wp\/v2\/media?parent=46848"}],"wp:term":[{"taxonomy":"product_brand","embeddable":true,"href":"https:\/\/ibaigo.pe\/tienda\/wp-json\/wp\/v2\/product_brand?post=46848"},{"taxonomy":"product_cat","embeddable":true,"href":"https:\/\/ibaigo.pe\/tienda\/wp-json\/wp\/v2\/product_cat?post=46848"},{"taxonomy":"product_tag","embeddable":true,"href":"https:\/\/ibaigo.pe\/tienda\/wp-json\/wp\/v2\/product_tag?post=46848"}],"curies":[{"name":"wp","href":"https:\/\/api.w.org\/{rel}","templated":true}]}}