{"id":46849,"date":"2023-09-28T03:51:47","date_gmt":"2023-09-28T01:51:47","guid":{"rendered":"https:\/\/ibaigo.pe\/nuevo\/?post_type=product&#038;p=46849"},"modified":"2025-04-15T17:50:24","modified_gmt":"2025-04-15T15:50:24","slug":"domaine-martin-cotes-du-rhone","status":"publish","type":"product","link":"https:\/\/ibaigo.pe\/tienda\/producto\/domaine-martin-cotes-du-rhone\/","title":{"rendered":"Domaine Martin C\u00f4tes Du Rh\u00f4ne"},"content":{"rendered":"","protected":false},"excerpt":{"rendered":"<p>Domaine Martin de C\u00f4tes du Rh\u00f4ne tiene un color rojo rub\u00ed profundo con aromas terrosos bien estructurados acompa\u00f1ados de jugosa fruta roja.\u00a0Boca rico en sabores de frutos rojos con un toque especiado.<\/p>\n","protected":false},"featured_media":46893,"template":"","meta":{"_acf_changed":false},"product_brand":[],"product_cat":[164,162],"product_tag":[],"class_list":{"0":"post-46849","1":"product","2":"type-product","3":"status-publish","4":"has-post-thumbnail","6":"product_cat-vino-tinto","7":"product_cat-vinos","9":"first","10":"instock","11":"taxable","12":"shipping-taxable","13":"purchasable","14":"product-type-simple"},"acf":[],"_links":{"self":[{"href":"https:\/\/ibaigo.pe\/tienda\/wp-json\/wp\/v2\/product\/46849","targetHints":{"allow":["GET"]}}],"collection":[{"href":"https:\/\/ibaigo.pe\/tienda\/wp-json\/wp\/v2\/product"}],"about":[{"href":"https:\/\/ibaigo.pe\/tienda\/wp-json\/wp\/v2\/types\/product"}],"wp:featuredmedia":[{"embeddable":true,"href":"https:\/\/ibaigo.pe\/tienda\/wp-json\/wp\/v2\/media\/46893"}],"wp:attachment":[{"href":"https:\/\/ibaigo.pe\/tienda\/wp-json\/wp\/v2\/media?parent=46849"}],"wp:term":[{"taxonomy":"product_brand","embeddable":true,"href":"https:\/\/ibaigo.pe\/tienda\/wp-json\/wp\/v2\/product_brand?post=46849"},{"taxonomy":"product_cat","embeddable":true,"href":"https:\/\/ibaigo.pe\/tienda\/wp-json\/wp\/v2\/product_cat?post=46849"},{"taxonomy":"product_tag","embeddable":true,"href":"https:\/\/ibaigo.pe\/tienda\/wp-json\/wp\/v2\/product_tag?post=46849"}],"curies":[{"name":"wp","href":"https:\/\/api.w.org\/{rel}","templated":true}]}}