{"id":46928,"date":"2023-09-28T03:52:32","date_gmt":"2023-09-28T01:52:32","guid":{"rendered":"https:\/\/ibaigo.pe\/nuevo\/?post_type=product&#038;p=46928"},"modified":"2024-11-23T15:33:42","modified_gmt":"2024-11-23T14:33:42","slug":"manuel-quintano-q-de-quintano","status":"publish","type":"product","link":"https:\/\/ibaigo.pe\/tienda\/producto\/manuel-quintano-q-de-quintano\/","title":{"rendered":"Manuel Quintano Q de Quintano"},"content":{"rendered":"<p>Vino tinto elaborado a partir de una selecci\u00f3n de vi\u00f1edos de Tempranillo de Labastida de 20 a\u00f1os de edad media y suelo arcillo-calc\u00e1reo situados a entre 450 y 650 metros sobre el nivel del mar, una excelente muestra del Tempranillo de Rioja. Frescura y elegancia a partes iguales<\/p>\n","protected":false},"excerpt":{"rendered":"<p>Elaborado a partir de una selecci\u00f3n de vi\u00f1edos de Tempranillo de Labastida de 20 a\u00f1os de edad media y suelo arcillo-calc\u00e1reo situados a entre 450 y 650 metros sobre el nivel del mar, Una excelente muestra del Tempranillo de Rioja. Frescura y elegancia a partes iguales.<\/p>\n","protected":false},"featured_media":46958,"template":"","meta":{"_acf_changed":false},"product_brand":[],"product_cat":[164,162],"product_tag":[],"class_list":{"0":"post-46928","1":"product","2":"type-product","3":"status-publish","4":"has-post-thumbnail","6":"product_cat-vino-tinto","7":"product_cat-vinos","9":"first","10":"outofstock","11":"taxable","12":"shipping-taxable","13":"purchasable","14":"product-type-simple"},"acf":[],"_links":{"self":[{"href":"https:\/\/ibaigo.pe\/tienda\/wp-json\/wp\/v2\/product\/46928","targetHints":{"allow":["GET"]}}],"collection":[{"href":"https:\/\/ibaigo.pe\/tienda\/wp-json\/wp\/v2\/product"}],"about":[{"href":"https:\/\/ibaigo.pe\/tienda\/wp-json\/wp\/v2\/types\/product"}],"wp:featuredmedia":[{"embeddable":true,"href":"https:\/\/ibaigo.pe\/tienda\/wp-json\/wp\/v2\/media\/46958"}],"wp:attachment":[{"href":"https:\/\/ibaigo.pe\/tienda\/wp-json\/wp\/v2\/media?parent=46928"}],"wp:term":[{"taxonomy":"product_brand","embeddable":true,"href":"https:\/\/ibaigo.pe\/tienda\/wp-json\/wp\/v2\/product_brand?post=46928"},{"taxonomy":"product_cat","embeddable":true,"href":"https:\/\/ibaigo.pe\/tienda\/wp-json\/wp\/v2\/product_cat?post=46928"},{"taxonomy":"product_tag","embeddable":true,"href":"https:\/\/ibaigo.pe\/tienda\/wp-json\/wp\/v2\/product_tag?post=46928"}],"curies":[{"name":"wp","href":"https:\/\/api.w.org\/{rel}","templated":true}]}}