{"id":46942,"date":"2023-09-28T03:52:32","date_gmt":"2023-09-28T01:52:32","guid":{"rendered":"https:\/\/ibaigo.pe\/nuevo\/?post_type=product&#038;p=46942"},"modified":"2025-12-19T21:23:23","modified_gmt":"2025-12-19T20:23:23","slug":"manuel-quintano-seleccion-particular","status":"publish","type":"product","link":"https:\/\/ibaigo.pe\/tienda\/producto\/manuel-quintano-seleccion-particular\/","title":{"rendered":"Manuel Quintano Selecci\u00f3n Particular"},"content":{"rendered":"<p>Manuel Quintano Selecci\u00f3n Particular es un <strong>tinto joven<\/strong>, Elaborado a partir de una selecci\u00f3n de parcelas de Tempranillo de m\u00e1s de 30 a\u00f1os de edad ubicadas en el tercio m\u00e1s alto de Labastida, entre los 550 y los 700 metros de altitud. En este vino,\u00a0<strong>ideal para el tapeo<\/strong>, nos encontramos con\u00a0<strong>elegantes aromas a frutas rojas y negras maduras<\/strong>, as\u00ed como toques minerales y florales de violeta. En boca es un\u00a0<strong>vino muy frutal, con una refrescante acidez<\/strong>. Intenso y muy fino.<\/p>\n","protected":false},"excerpt":{"rendered":"<p>Manuel Quintano Selecci\u00f3n Particular es un <strong>tinto joven<\/strong>, Elaborado a partir de una selecci\u00f3n de parcelas de Tempranillo de m\u00e1s de 30 a\u00f1os de edad ubicadas en el tercio m\u00e1s alto de Labastida, entre los 550 y los 700 metros de altitud. En este vino,\u00a0<strong>ideal para el tapeo<\/strong>, nos encontramos con\u00a0<strong>elegantes aromas a frutas rojas y negras maduras<\/strong>, as\u00ed como toques minerales y florales de violeta. En boca es un\u00a0<strong>vino muy frutal, con una refrescante acidez<\/strong>. Intenso y muy fino.<\/p>\n","protected":false},"featured_media":46972,"template":"","meta":{"_acf_changed":false},"product_brand":[],"product_cat":[164,162],"product_tag":[],"class_list":{"0":"post-46942","1":"product","2":"type-product","3":"status-publish","4":"has-post-thumbnail","6":"product_cat-vino-tinto","7":"product_cat-vinos","9":"first","10":"instock","11":"taxable","12":"shipping-taxable","13":"purchasable","14":"product-type-simple"},"acf":[],"_links":{"self":[{"href":"https:\/\/ibaigo.pe\/tienda\/wp-json\/wp\/v2\/product\/46942","targetHints":{"allow":["GET"]}}],"collection":[{"href":"https:\/\/ibaigo.pe\/tienda\/wp-json\/wp\/v2\/product"}],"about":[{"href":"https:\/\/ibaigo.pe\/tienda\/wp-json\/wp\/v2\/types\/product"}],"wp:featuredmedia":[{"embeddable":true,"href":"https:\/\/ibaigo.pe\/tienda\/wp-json\/wp\/v2\/media\/46972"}],"wp:attachment":[{"href":"https:\/\/ibaigo.pe\/tienda\/wp-json\/wp\/v2\/media?parent=46942"}],"wp:term":[{"taxonomy":"product_brand","embeddable":true,"href":"https:\/\/ibaigo.pe\/tienda\/wp-json\/wp\/v2\/product_brand?post=46942"},{"taxonomy":"product_cat","embeddable":true,"href":"https:\/\/ibaigo.pe\/tienda\/wp-json\/wp\/v2\/product_cat?post=46942"},{"taxonomy":"product_tag","embeddable":true,"href":"https:\/\/ibaigo.pe\/tienda\/wp-json\/wp\/v2\/product_tag?post=46942"}],"curies":[{"name":"wp","href":"https:\/\/api.w.org\/{rel}","templated":true}]}}