{"id":6021972,"date":"2024-03-13T14:47:32","date_gmt":"2024-03-13T13:47:32","guid":{"rendered":"https:\/\/dev.ibaigo.pe\/?post_type=product&#038;p=6021972"},"modified":"2025-12-19T18:48:33","modified_gmt":"2025-12-19T17:48:33","slug":"baron-de-ladron-de-guevara-rose","status":"publish","type":"product","link":"https:\/\/ibaigo.pe\/tienda\/producto\/baron-de-ladron-de-guevara-rose\/","title":{"rendered":"Bar\u00f3n de Ladr\u00f3n de Guevara Ros\u00e9"},"content":{"rendered":"<p>Maceraci\u00f3n en fr\u00edo durante 8 horas, extrayendo todos los precursores arom\u00e1ticos y obteniendo la tonalidad deseada. Se realiza un sangrado, el primer mosto se brota, controlando las bajas temperaturas se inicia la fermentaci\u00f3n.<\/p>\n","protected":false},"excerpt":{"rendered":"<p>Maceraci\u00f3n en fr\u00edo durante 8 horas, extrayendo todos los precursores arom\u00e1ticos y obteniendo la tonalidad deseada. Se realiza un sangrado, el primer mosto se brota, controlando las bajas temperaturas se inicia la fermentaci\u00f3n.<\/p>\n","protected":false},"featured_media":6021974,"template":"","meta":{"_acf_changed":false},"product_brand":[],"product_cat":[166,162],"product_tag":[],"class_list":{"0":"post-6021972","1":"product","2":"type-product","3":"status-publish","4":"has-post-thumbnail","6":"product_cat-vino-rosado","7":"product_cat-vinos","9":"first","10":"outofstock","11":"sale","12":"taxable","13":"shipping-taxable","14":"purchasable","15":"product-type-simple"},"acf":[],"_links":{"self":[{"href":"https:\/\/ibaigo.pe\/tienda\/wp-json\/wp\/v2\/product\/6021972","targetHints":{"allow":["GET"]}}],"collection":[{"href":"https:\/\/ibaigo.pe\/tienda\/wp-json\/wp\/v2\/product"}],"about":[{"href":"https:\/\/ibaigo.pe\/tienda\/wp-json\/wp\/v2\/types\/product"}],"wp:featuredmedia":[{"embeddable":true,"href":"https:\/\/ibaigo.pe\/tienda\/wp-json\/wp\/v2\/media\/6021974"}],"wp:attachment":[{"href":"https:\/\/ibaigo.pe\/tienda\/wp-json\/wp\/v2\/media?parent=6021972"}],"wp:term":[{"taxonomy":"product_brand","embeddable":true,"href":"https:\/\/ibaigo.pe\/tienda\/wp-json\/wp\/v2\/product_brand?post=6021972"},{"taxonomy":"product_cat","embeddable":true,"href":"https:\/\/ibaigo.pe\/tienda\/wp-json\/wp\/v2\/product_cat?post=6021972"},{"taxonomy":"product_tag","embeddable":true,"href":"https:\/\/ibaigo.pe\/tienda\/wp-json\/wp\/v2\/product_tag?post=6021972"}],"curies":[{"name":"wp","href":"https:\/\/api.w.org\/{rel}","templated":true}]}}