{"id":6022006,"date":"2024-03-13T18:19:38","date_gmt":"2024-03-13T17:19:38","guid":{"rendered":"https:\/\/dev.ibaigo.pe\/?post_type=product&#038;p=6022006"},"modified":"2025-12-19T18:44:24","modified_gmt":"2025-12-19T17:44:24","slug":"baron-de-ladron-de-guevara-autor-tinto-crianza","status":"publish","type":"product","link":"https:\/\/ibaigo.pe\/tienda\/producto\/baron-de-ladron-de-guevara-autor-tinto-crianza\/","title":{"rendered":"Bar\u00f3n de Ladr\u00f3n de Guevara Autor Tinto Crianza"},"content":{"rendered":"<p>Vendimia manual la segunda semana de octubre, en cajas abiertas de 18-20 kilos. Selecci\u00f3n en campo de las vi\u00f1as m\u00e1s viejas de la familia y de las cepas que tengan menos de cuatro racimos de Uva por cepa.<\/p>\n","protected":false},"excerpt":{"rendered":"<p>Vendimia manual la segunda semana de octubre, en cajas abiertas de 18-20 kilos. Selecci\u00f3n en campo de las vi\u00f1as m\u00e1s viejas de la familia y de las cepas que tengan menos de cuatro racimos de Uva por cepa.<\/p>\n","protected":false},"featured_media":6022007,"template":"","meta":{"_acf_changed":false},"product_brand":[],"product_cat":[164,162],"product_tag":[],"class_list":{"0":"post-6022006","1":"product","2":"type-product","3":"status-publish","4":"has-post-thumbnail","6":"product_cat-vino-tinto","7":"product_cat-vinos","9":"first","10":"instock","11":"taxable","12":"shipping-taxable","13":"purchasable","14":"product-type-simple"},"acf":[],"_links":{"self":[{"href":"https:\/\/ibaigo.pe\/tienda\/wp-json\/wp\/v2\/product\/6022006","targetHints":{"allow":["GET"]}}],"collection":[{"href":"https:\/\/ibaigo.pe\/tienda\/wp-json\/wp\/v2\/product"}],"about":[{"href":"https:\/\/ibaigo.pe\/tienda\/wp-json\/wp\/v2\/types\/product"}],"wp:featuredmedia":[{"embeddable":true,"href":"https:\/\/ibaigo.pe\/tienda\/wp-json\/wp\/v2\/media\/6022007"}],"wp:attachment":[{"href":"https:\/\/ibaigo.pe\/tienda\/wp-json\/wp\/v2\/media?parent=6022006"}],"wp:term":[{"taxonomy":"product_brand","embeddable":true,"href":"https:\/\/ibaigo.pe\/tienda\/wp-json\/wp\/v2\/product_brand?post=6022006"},{"taxonomy":"product_cat","embeddable":true,"href":"https:\/\/ibaigo.pe\/tienda\/wp-json\/wp\/v2\/product_cat?post=6022006"},{"taxonomy":"product_tag","embeddable":true,"href":"https:\/\/ibaigo.pe\/tienda\/wp-json\/wp\/v2\/product_tag?post=6022006"}],"curies":[{"name":"wp","href":"https:\/\/api.w.org\/{rel}","templated":true}]}}