{"id":6022084,"date":"2024-03-27T18:31:35","date_gmt":"2024-03-27T17:31:35","guid":{"rendered":"https:\/\/dev.ibaigo.pe\/?post_type=product&#038;p=6022084"},"modified":"2025-12-19T21:15:16","modified_gmt":"2025-12-19T20:15:16","slug":"montebaco","status":"publish","type":"product","link":"https:\/\/ibaigo.pe\/tienda\/producto\/montebaco\/","title":{"rendered":"Montebaco Rosado"},"content":{"rendered":"<p>Montebaco Rosado es un\u00a0vino\u00a0rosado\u00a0elaborado por\u00a0Bodegas Montebaco.\u00a0El vino ha sido fermentado y madurado posteriormente durante 2 meses sobre l\u00edas en dep\u00f3sito de acero inoxidable antes de su embotellado, para aportarle complejidad y sabor y hacerlo m\u00e1s gastron\u00f3mico.<\/p>\n","protected":false},"excerpt":{"rendered":"<p>Montebaco Rosado es un\u00a0vino\u00a0rosado\u00a0elaborado por\u00a0Bodegas Montebaco.\u00a0El vino ha sido fermentado y madurado posteriormente durante 2 meses sobre l\u00edas en dep\u00f3sito de acero inoxidable antes de su embotellado, para aportarle complejidad y sabor y hacerlo m\u00e1s gastron\u00f3mico.<\/p>\n","protected":false},"featured_media":6022100,"template":"","meta":{"_acf_changed":false},"product_brand":[],"product_cat":[166,162],"product_tag":[],"class_list":{"0":"post-6022084","1":"product","2":"type-product","3":"status-publish","4":"has-post-thumbnail","6":"product_cat-vino-rosado","7":"product_cat-vinos","9":"first","10":"instock","11":"taxable","12":"shipping-taxable","13":"purchasable","14":"product-type-simple"},"acf":[],"_links":{"self":[{"href":"https:\/\/ibaigo.pe\/tienda\/wp-json\/wp\/v2\/product\/6022084","targetHints":{"allow":["GET"]}}],"collection":[{"href":"https:\/\/ibaigo.pe\/tienda\/wp-json\/wp\/v2\/product"}],"about":[{"href":"https:\/\/ibaigo.pe\/tienda\/wp-json\/wp\/v2\/types\/product"}],"wp:featuredmedia":[{"embeddable":true,"href":"https:\/\/ibaigo.pe\/tienda\/wp-json\/wp\/v2\/media\/6022100"}],"wp:attachment":[{"href":"https:\/\/ibaigo.pe\/tienda\/wp-json\/wp\/v2\/media?parent=6022084"}],"wp:term":[{"taxonomy":"product_brand","embeddable":true,"href":"https:\/\/ibaigo.pe\/tienda\/wp-json\/wp\/v2\/product_brand?post=6022084"},{"taxonomy":"product_cat","embeddable":true,"href":"https:\/\/ibaigo.pe\/tienda\/wp-json\/wp\/v2\/product_cat?post=6022084"},{"taxonomy":"product_tag","embeddable":true,"href":"https:\/\/ibaigo.pe\/tienda\/wp-json\/wp\/v2\/product_tag?post=6022084"}],"curies":[{"name":"wp","href":"https:\/\/api.w.org\/{rel}","templated":true}]}}