{"id":6022543,"date":"2025-09-15T21:54:28","date_gmt":"2025-09-15T19:54:28","guid":{"rendered":"https:\/\/ibaigo.pe\/tienda\/?post_type=product&#038;p=6022543"},"modified":"2025-12-19T18:28:02","modified_gmt":"2025-12-19T17:28:02","slug":"ochoa-gran-reserva-2014","status":"publish","type":"product","link":"https:\/\/ibaigo.pe\/tienda\/producto\/ochoa-gran-reserva-2014\/","title":{"rendered":"Ochoa Gran Reserva 2014"},"content":{"rendered":"<p>En a\u00f1adas muy se\u00f1aladas nos podemos permitir hacer una selecci\u00f3n de nuestras mejores uvas para elaborar este gran vino. La vendimia exige la espera del momento \u00f3ptimo de madurez. En bodega fermenta por separado cada variedad con levaduras aut\u00f3ctonas para posteriormente continuar su evoluci\u00f3n en barricas de roble nuevas. Roble americano para el Tempranillo y franc\u00e9s para la Merlot y el Cabernet Sauvignon durante aproximadamente 24 meses. El vino se estabiliza naturalmente por gravedad por lo que pueden aparecer precipitados con el tiempo.<\/p>\n","protected":false},"excerpt":{"rendered":"<p>En a\u00f1adas muy se\u00f1aladas nos podemos permitir hacer una selecci\u00f3n de nuestras mejores uvas para elaborar este gran vino. La vendimia exige la espera del momento \u00f3ptimo de madurez. En bodega fermenta por separado cada variedad con levaduras aut\u00f3ctonas para posteriormente continuar su evoluci\u00f3n en barricas de roble nuevas. Roble americano para el Tempranillo y franc\u00e9s para la Merlot y el Cabernet Sauvignon durante aproximadamente 24 meses. El vino se estabiliza naturalmente por gravedad por lo que pueden aparecer precipitados con el tiempo.<\/p>\n","protected":false},"featured_media":6022544,"template":"","meta":{"_acf_changed":false},"product_brand":[],"product_cat":[15,164,162],"product_tag":[],"class_list":{"0":"post-6022543","1":"product","2":"type-product","3":"status-publish","4":"has-post-thumbnail","6":"product_cat-uncategorized","7":"product_cat-vino-tinto","8":"product_cat-vinos","10":"first","11":"instock","12":"taxable","13":"shipping-taxable","14":"purchasable","15":"product-type-simple"},"acf":[],"_links":{"self":[{"href":"https:\/\/ibaigo.pe\/tienda\/wp-json\/wp\/v2\/product\/6022543","targetHints":{"allow":["GET"]}}],"collection":[{"href":"https:\/\/ibaigo.pe\/tienda\/wp-json\/wp\/v2\/product"}],"about":[{"href":"https:\/\/ibaigo.pe\/tienda\/wp-json\/wp\/v2\/types\/product"}],"wp:featuredmedia":[{"embeddable":true,"href":"https:\/\/ibaigo.pe\/tienda\/wp-json\/wp\/v2\/media\/6022544"}],"wp:attachment":[{"href":"https:\/\/ibaigo.pe\/tienda\/wp-json\/wp\/v2\/media?parent=6022543"}],"wp:term":[{"taxonomy":"product_brand","embeddable":true,"href":"https:\/\/ibaigo.pe\/tienda\/wp-json\/wp\/v2\/product_brand?post=6022543"},{"taxonomy":"product_cat","embeddable":true,"href":"https:\/\/ibaigo.pe\/tienda\/wp-json\/wp\/v2\/product_cat?post=6022543"},{"taxonomy":"product_tag","embeddable":true,"href":"https:\/\/ibaigo.pe\/tienda\/wp-json\/wp\/v2\/product_tag?post=6022543"}],"curies":[{"name":"wp","href":"https:\/\/api.w.org\/{rel}","templated":true}]}}