{"id":6022558,"date":"2025-09-15T23:25:17","date_gmt":"2025-09-15T21:25:17","guid":{"rendered":"https:\/\/ibaigo.pe\/tienda\/?post_type=product&#038;p=6022558"},"modified":"2025-12-19T18:22:33","modified_gmt":"2025-12-19T17:22:33","slug":"vallegarcia-petit-hipperia-2021","status":"publish","type":"product","link":"https:\/\/ibaigo.pe\/tienda\/producto\/vallegarcia-petit-hipperia-2021\/","title":{"rendered":"Vallegarc\u00eda Petit Hipperia 2021"},"content":{"rendered":"<p>Petit Hipperia es la\u00a0<strong>introducci\u00f3n perfecta<\/strong>\u00a0a Pago de Vallegarc\u00eda. Este vino de monta\u00f1a es elaborado a partir de un\u00a0<strong><em>coupage\u00a0<\/em>de variedades francesas\u00a0<\/strong>destaca por su\u00a0<strong>elegancia, frescura, potencia, fruta y profundidad<\/strong>. El m\u00e1s joven de la casa toledana es tambi\u00e9n uno de los m\u00e1s mimados y sorprende por su versatilidad gastron\u00f3mica y complejidad.<\/p>\n<p>A modo de hermosa colecci\u00f3n, cada a\u00f1o se encarga de representar el\u00a0<strong>caballo<\/strong>\u00a0de su etiqueta un artista gr\u00e1fico diferente.<\/p>\n","protected":false},"excerpt":{"rendered":"<p>Petit Hipperia es la\u00a0<strong>introducci\u00f3n perfecta<\/strong>\u00a0a Pago de Vallegarc\u00eda. Este vino de monta\u00f1a es elaborado a partir de un\u00a0<strong><em>coupage\u00a0<\/em>de variedades francesas\u00a0<\/strong>destaca por su\u00a0<strong>elegancia, frescura, potencia, fruta y profundidad<\/strong>. El m\u00e1s joven de la casa toledana es tambi\u00e9n uno de los m\u00e1s mimados y sorprende por su versatilidad gastron\u00f3mica y complejidad.<\/p>\n<p>A modo de hermosa colecci\u00f3n, cada a\u00f1o se encarga de representar el\u00a0<strong>caballo<\/strong>\u00a0de su etiqueta un artista gr\u00e1fico diferente.<\/p>\n","protected":false},"featured_media":6022559,"template":"","meta":{"_acf_changed":false},"product_brand":[],"product_cat":[162,164],"product_tag":[],"class_list":{"0":"post-6022558","1":"product","2":"type-product","3":"status-publish","4":"has-post-thumbnail","6":"product_cat-vinos","7":"product_cat-vino-tinto","9":"first","10":"instock","11":"taxable","12":"shipping-taxable","13":"purchasable","14":"product-type-simple"},"acf":[],"_links":{"self":[{"href":"https:\/\/ibaigo.pe\/tienda\/wp-json\/wp\/v2\/product\/6022558","targetHints":{"allow":["GET"]}}],"collection":[{"href":"https:\/\/ibaigo.pe\/tienda\/wp-json\/wp\/v2\/product"}],"about":[{"href":"https:\/\/ibaigo.pe\/tienda\/wp-json\/wp\/v2\/types\/product"}],"wp:featuredmedia":[{"embeddable":true,"href":"https:\/\/ibaigo.pe\/tienda\/wp-json\/wp\/v2\/media\/6022559"}],"wp:attachment":[{"href":"https:\/\/ibaigo.pe\/tienda\/wp-json\/wp\/v2\/media?parent=6022558"}],"wp:term":[{"taxonomy":"product_brand","embeddable":true,"href":"https:\/\/ibaigo.pe\/tienda\/wp-json\/wp\/v2\/product_brand?post=6022558"},{"taxonomy":"product_cat","embeddable":true,"href":"https:\/\/ibaigo.pe\/tienda\/wp-json\/wp\/v2\/product_cat?post=6022558"},{"taxonomy":"product_tag","embeddable":true,"href":"https:\/\/ibaigo.pe\/tienda\/wp-json\/wp\/v2\/product_tag?post=6022558"}],"curies":[{"name":"wp","href":"https:\/\/api.w.org\/{rel}","templated":true}]}}